{"id":150,"date":"2024-10-31T08:07:31","date_gmt":"2024-10-31T13:07:31","guid":{"rendered":"http:\/\/localhost\/Proy_lili\/?page_id=150"},"modified":"2025-10-15T09:52:47","modified_gmt":"2025-10-15T14:52:47","slug":"medir-velocidad","status":"publish","type":"page","link":"https:\/\/www.rstelecomunicaciones.com\/?page_id=150","title":{"rendered":"Medir Velocidad"},"content":{"rendered":"\n<div class=\"wp-block-columns is-layout-flex wp-container-core-columns-is-layout-28f84493 wp-block-columns-is-layout-flex\">\n<div class=\"wp-block-column is-layout-flow wp-block-column-is-layout-flow\">\n<h2 class=\"wp-block-heading\">Estimado usuario:<\/h2>\n\n\n\n<p>A continuaci\u00f3n, le presentamos algunas sugerencias para garantizar que obtenga el m\u00e1ximo rendimiento de nuestro servicio.<\/p>\n\n\n\n<ul class=\"wp-block-list\">\n<li><strong>Verifique la conexi\u00f3n de su dispositivo<\/strong>: Aseg\u00farese de que la conexi\u00f3n inal\u00e1mbrica de su port\u00e1til, celular o tableta est\u00e9 activada antes de intentar acceder al servicio WiFi.<\/li>\n\n\n\n<li><strong>Ubique su dispositivo cerca del m\u00f3dem<\/strong>: Para obtener una se\u00f1al m\u00e1s fuerte y estable, coloque su computadora port\u00e1til, celular o tableta cerca del m\u00f3dem. Recuerde que a mayores distancias, la velocidad de la conexi\u00f3n puede disminuir.<\/li>\n\n\n\n<li><strong>Evite obst\u00e1culos<\/strong>: Elementos como puertas, paredes, rejas y otros obst\u00e1culos arquitect\u00f3nicos pueden interferir con la se\u00f1al WiFi, reduciendo su potencia. Trate de minimizar estos bloqueos para mejorar la calidad de la conexi\u00f3n.<\/li>\n\n\n\n<li><strong>Mantenga la clave de WiFi segura<\/strong>: Le recomendamos compartir la clave de su WiFi \u00fanicamente con dispositivos autorizados en su hogar. Evite proporcionarla a personas ajenas, ya que el uso no autorizado de su conexi\u00f3n puede reducir la velocidad del servicio.<\/li>\n\n\n\n<li><strong>Velocidad variable seg\u00fan el uso<\/strong>: La velocidad de su plan es variable y depende del uso que se haga del servicio. Cada plan indica la velocidad m\u00e1xima disponible, pero durante per\u00edodos de alta demanda, la velocidad puede ser m\u00e1s baja. Para comprobar la velocidad, puede conectar su dispositivo directamente al m\u00f3dem mediante un cable.<\/li>\n<\/ul>\n<\/div>\n\n\n\n<div class=\"wp-block-column is-layout-flow wp-block-column-is-layout-flow\">\n<head>\n  <script src=\"https:\/\/ws.nperf.com\/partner\/js?l=611f4da8-934c-40ce-960a-1a0c8662a84c\"><\/script>\n<\/head>\n<\/div>\n<\/div>\n\n\n\n<p><\/p>\n","protected":false},"excerpt":{"rendered":"<p>Estimado usuario: A continuaci\u00f3n, le presentamos algunas sugerencias para garantizar que obtenga el m\u00e1ximo rendimiento de nuestro servicio.<\/p>\n","protected":false},"author":1,"featured_media":543,"parent":2,"menu_order":0,"comment_status":"closed","ping_status":"closed","template":"","meta":{"footnotes":""},"class_list":["post-150","page","type-page","status-publish","has-post-thumbnail","hentry"],"_links":{"self":[{"href":"https:\/\/www.rstelecomunicaciones.com\/index.php?rest_route=\/wp\/v2\/pages\/150","targetHints":{"allow":["GET"]}}],"collection":[{"href":"https:\/\/www.rstelecomunicaciones.com\/index.php?rest_route=\/wp\/v2\/pages"}],"about":[{"href":"https:\/\/www.rstelecomunicaciones.com\/index.php?rest_route=\/wp\/v2\/types\/page"}],"author":[{"embeddable":true,"href":"https:\/\/www.rstelecomunicaciones.com\/index.php?rest_route=\/wp\/v2\/users\/1"}],"replies":[{"embeddable":true,"href":"https:\/\/www.rstelecomunicaciones.com\/index.php?rest_route=%2Fwp%2Fv2%2Fcomments&post=150"}],"version-history":[{"count":28,"href":"https:\/\/www.rstelecomunicaciones.com\/index.php?rest_route=\/wp\/v2\/pages\/150\/revisions"}],"predecessor-version":[{"id":1017,"href":"https:\/\/www.rstelecomunicaciones.com\/index.php?rest_route=\/wp\/v2\/pages\/150\/revisions\/1017"}],"up":[{"embeddable":true,"href":"https:\/\/www.rstelecomunicaciones.com\/index.php?rest_route=\/wp\/v2\/pages\/2"}],"wp:featuredmedia":[{"embeddable":true,"href":"https:\/\/www.rstelecomunicaciones.com\/index.php?rest_route=\/wp\/v2\/media\/543"}],"wp:attachment":[{"href":"https:\/\/www.rstelecomunicaciones.com\/index.php?rest_route=%2Fwp%2Fv2%2Fmedia&parent=150"}],"curies":[{"name":"wp","href":"https:\/\/api.w.org\/{rel}","templated":true}]}}