{"id":154,"date":"2024-10-31T08:07:31","date_gmt":"2024-10-31T13:07:31","guid":{"rendered":"http:\/\/localhost\/Proy_lili\/?page_id=154"},"modified":"2025-01-07T08:01:20","modified_gmt":"2025-01-07T13:01:20","slug":"lista-de-ont","status":"publish","type":"page","link":"https:\/\/www.rstelecomunicaciones.com\/?page_id=154","title":{"rendered":"Lista de ONT"},"content":{"rendered":"\n<h1 class=\"wp-block-heading has-text-align-center\">LISTADO DE EQUIPOS ONT<\/h1>\n\n\n\n<div class=\"wp-block-columns is-layout-flex wp-container-core-columns-is-layout-28f84493 wp-block-columns-is-layout-flex\">\n<div class=\"wp-block-column is-layout-flow wp-block-column-is-layout-flow\" style=\"flex-basis:100%\">\n<div class=\"wp-block-columns is-layout-flex wp-container-core-columns-is-layout-28f84493 wp-block-columns-is-layout-flex\">\n<div class=\"wp-block-column is-layout-flow wp-block-column-is-layout-flow\">\n<figure class=\"wp-block-image is-resized\"><img loading=\"lazy\" decoding=\"async\" width=\"293\" height=\"298\" src=\"https:\/\/www.rstelecomunicaciones.com\/wp-content\/uploads\/2024\/11\/ONU_HUAWEI-removebg-preview.png\" alt=\"\" class=\"wp-image-629\" style=\"width:236px;height:auto\"\/><\/figure>\n<\/div>\n\n\n\n<div class=\"wp-block-column is-vertically-aligned-center is-layout-flow wp-block-column-is-layout-flow\">\n<h2 class=\"wp-block-heading alignwide\">HUAWEI EG8<\/h2>\n<\/div>\n<\/div>\n<\/div>\n<\/div>\n\n\n\n<figure class=\"wp-block-table\"><table class=\"has-background\" style=\"background-color:#f5f8ff\"><thead><tr><th class=\"has-text-align-center\" data-align=\"center\"><strong>Aspectos<\/strong><\/th><th class=\"has-text-align-center\" data-align=\"center\"><strong>Detalles<\/strong><\/th><\/tr><\/thead><tbody><tr><td class=\"has-text-align-center\" data-align=\"center\"> Protocolos soportados<\/td><td class=\"has-text-align-center\" data-align=\"center\">GPON, Ethernet, POTS, Wi-Fi 2.4G<\/td><\/tr><tr><td class=\"has-text-align-center\" data-align=\"center\"> Banda de frecuencia<\/td><td class=\"has-text-align-center\" data-align=\"center\">2.4 GHz<\/td><\/tr><tr><td class=\"has-text-align-center\" data-align=\"center\"> Potencia de radiaci\u00f3n de las antenas<\/td><td class=\"has-text-align-center\" data-align=\"center\">Sensibilidad del receptor: -27 dBm, Potencia \u00f3ptica de sobrecarga: -8 dBm<\/td><\/tr><tr><td class=\"has-text-align-center\" data-align=\"center\"> Velocidad m\u00e1xima de descarga<\/td><td class=\"has-text-align-center\" data-align=\"center\">Hasta 2.488 Gbps (te\u00f3rico)<\/td><\/tr><tr><td class=\"has-text-align-center\" data-align=\"center\">Velocidad m\u00e1xima de carga<\/td><td class=\"has-text-align-center\" data-align=\"center\">Hasta 1.244 Gbps (te\u00f3rico)<\/td><\/tr><\/tbody><\/table><\/figure>\n\n\n\n<div class=\"wp-block-columns is-layout-flex wp-container-core-columns-is-layout-28f84493 wp-block-columns-is-layout-flex\">\n<div class=\"wp-block-column is-layout-flow wp-block-column-is-layout-flow\">\n<figure class=\"wp-block-image size-full is-resized\"><img loading=\"lazy\" decoding=\"async\" width=\"381\" height=\"492\" src=\"https:\/\/www.rstelecomunicaciones.com\/wp-content\/uploads\/2024\/12\/echolife-eg8245w5-1.png\" alt=\"\" class=\"wp-image-654\" style=\"width:248px;height:auto\"\/><\/figure>\n<\/div>\n\n\n\n<div class=\"wp-block-column is-vertically-aligned-center is-layout-flow wp-block-column-is-layout-flow\">\n<h2 class=\"wp-block-heading alignwide\">HUAWEI HS8 (4 Antenas)<\/h2>\n<\/div>\n<\/div>\n\n\n\n<figure class=\"wp-block-table is-style-regular\"><table class=\"has-background\" style=\"background-color:#f5f8ff\"><thead><tr><th class=\"has-text-align-center\" data-align=\"center\"><strong><strong>Aspectos<\/strong><\/strong><\/th><th class=\"has-text-align-center\" data-align=\"center\"><strong>Detalle<\/strong><\/th><\/tr><\/thead><tbody><tr><td class=\"has-text-align-center\" data-align=\"center\">Protocolos soportados<\/td><td class=\"has-text-align-center\" data-align=\"center\">IEEE 802.11 b\/g\/n (2.4G), IEEE 802.11 a\/n\/ac (5G), 2 x 2 MIMO (2.4G &amp; 5G), 4 x 4 MIMO (2.4G &amp; 5G)<\/td><\/tr><tr><td class=\"has-text-align-center\" data-align=\"center\">Banda de frecuencia<\/td><td class=\"has-text-align-center\" data-align=\"center\">2.4 GHz y 5 GHz<\/td><\/tr><tr><td class=\"has-text-align-center\" data-align=\"center\">Potencia de radiaci\u00f3n de las antenas<\/td><td class=\"has-text-align-center\" data-align=\"center\">5 dBi<\/td><\/tr><tr><td class=\"has-text-align-center\" data-align=\"center\">Velocidad m\u00e1xima de carga y descarga<\/td><td class=\"has-text-align-center\" data-align=\"center\">600 Mbit\/s (2.4G), 1733 Mbit\/s (5G)<\/td><\/tr><tr><td class=\"has-text-align-center\" data-align=\"center\">Puertos Ethernet<\/td><td class=\"has-text-align-center\" data-align=\"center\">4<\/td><\/tr><tr><td class=\"has-text-align-center\" data-align=\"center\">Puertos POTS<\/td><td class=\"has-text-align-center\" data-align=\"center\">2<\/td><\/tr><tr><td class=\"has-text-align-center\" data-align=\"center\">Puerto USB<\/td><td class=\"has-text-align-center\" data-align=\"center\">1<\/td><\/tr><tr><td class=\"has-text-align-center\" data-align=\"center\">Acceso de banda ultra ancha para usuarios<\/td><td class=\"has-text-align-center\" data-align=\"center\">S\u00ed<\/td><\/tr><tr><td class=\"has-text-align-center\" data-align=\"center\">Dimensiones<\/td><td class=\"has-text-align-center\" data-align=\"center\">32 mm x 200 mm x 127 mm<\/td><\/tr><tr><td class=\"has-text-align-center\" data-align=\"center\">Peso<\/td><td class=\"has-text-align-center\" data-align=\"center\">Menor a 1500g<\/td><\/tr><tr><td class=\"has-text-align-center\" data-align=\"center\">Temperatura ambiente de funcionamiento<\/td><td class=\"has-text-align-center\" data-align=\"center\">0\u00baC a +40\u00baC<\/td><\/tr><tr><td class=\"has-text-align-center\" data-align=\"center\">Humedad ambiente<\/td><td class=\"has-text-align-center\" data-align=\"center\">5%\u201395% (sin condensaci\u00f3n)<\/td><\/tr><\/tbody><\/table><\/figure>\n\n\n\n<div class=\"wp-block-columns is-layout-flex wp-container-core-columns-is-layout-28f84493 wp-block-columns-is-layout-flex\">\n<div class=\"wp-block-column is-layout-flow wp-block-column-is-layout-flow\">\n<figure class=\"wp-block-image size-full is-resized\"><img loading=\"lazy\" decoding=\"async\" width=\"300\" height=\"300\" src=\"https:\/\/www.rstelecomunicaciones.com\/wp-content\/uploads\/2024\/12\/ONU_HUAWEI2-removebg-preview.png\" alt=\"\" class=\"wp-image-660\" style=\"width:288px;height:auto\"\/><\/figure>\n<\/div>\n\n\n\n<div class=\"wp-block-column is-vertically-aligned-center is-layout-flow wp-block-column-is-layout-flow\">\n<h2 class=\"wp-block-heading\">HUAWEI HS8<\/h2>\n<\/div>\n<\/div>\n\n\n\n<figure class=\"wp-block-table\"><table class=\"has-background\" style=\"background-color:#f5f8ff\"><thead><tr><th class=\"has-text-align-center\" data-align=\"center\"><strong>Aspecto<\/strong><\/th><th class=\"has-text-align-center\" data-align=\"center\"><strong>Detalle<\/strong><\/th><\/tr><\/thead><tbody><tr><td class=\"has-text-align-center\" data-align=\"center\">Protocolos soportados para el acceso inal\u00e1mbrico<\/td><td class=\"has-text-align-center\" data-align=\"center\">Soporta la tecnolog\u00eda IEEE 802.11 b\/g\/n\/ax (2.4G) e IEEE 802.11 a\/n\/ac\/ax adem\u00e1s, soporta protocolos de t\u00fanel como PPTP y L2TP, y ofrece encriptaci\u00f3n MPPE, IPSec PSK y IPSec RSA<\/td><\/tr><tr><td class=\"has-text-align-center\" data-align=\"center\">Banda de frecuencia&nbsp;<\/td><td class=\"has-text-align-center\" data-align=\"center\">Opera en las bandas de frecuencia de 2.4 GHz la tasa de velocidad m\u00e1xima es de 574 Mbit\/s (2.4G)&nbsp;<\/td><\/tr><tr><td class=\"has-text-align-center\" data-align=\"center\">Potencia de radiaci\u00f3n de las antenas&nbsp;<\/td><td class=\"has-text-align-center\" data-align=\"center\">El dispositivo tiene dos antenas externas, cada una con una ganancia de 2 dBi, la potencia de transmisi\u00f3n de radio y la intensidad de la se\u00f1al son necesarias para calcular la distancia de transmisi\u00f3n efectiva de las se\u00f1ales de radio, la ganancia de la antena puede usarse para medir la capacidad de una antena para recibir y enviar se\u00f1ales en una direcci\u00f3n especificada<\/td><\/tr><tr><td class=\"has-text-align-center\" data-align=\"center\">Capacidad m\u00e1xima de Mbps<\/td><td class=\"has-text-align-center\" data-align=\"center\">La tasa de velocidad por WI-FI es de 574 Mbit\/s en la banda de 2.4G&nbsp;<\/td><\/tr><\/tbody><\/table><\/figure>\n\n\n\n<div class=\"wp-block-columns is-layout-flex wp-container-core-columns-is-layout-28f84493 wp-block-columns-is-layout-flex\">\n<div class=\"wp-block-column is-layout-flow wp-block-column-is-layout-flow\">\n<figure class=\"wp-block-image size-full is-resized\"><img loading=\"lazy\" decoding=\"async\" width=\"1080\" height=\"1080\" src=\"https:\/\/www.rstelecomunicaciones.com\/wp-content\/uploads\/2024\/12\/PMG5617T20B2-1-1080x1080-1.png\" alt=\"\" class=\"wp-image-663\" style=\"width:263px;height:auto\"\/><\/figure>\n<\/div>\n\n\n\n<div class=\"wp-block-column is-vertically-aligned-center is-layout-flow wp-block-column-is-layout-flow\">\n<h2 class=\"wp-block-heading\">PMG5 ZYXEL<\/h2>\n<\/div>\n<\/div>\n\n\n\n<figure class=\"wp-block-table\"><table class=\"has-background\" style=\"background-color:#f5f8ff\"><thead><tr><th class=\"has-text-align-center\" data-align=\"center\"><strong>Aspecto<\/strong><\/th><th class=\"has-text-align-center\" data-align=\"center\"><strong>Detalle<\/strong><\/th><\/tr><\/thead><tbody><tr><td class=\"has-text-align-center\" data-align=\"center\">Protocolos soportados para el acceso inal\u00e1mbrico<\/td><td class=\"has-text-align-center\" data-align=\"center\">Soporta los est\u00e1ndares Wi-Fi IEEE 802.11 b\/g\/n en 2.4 GHz y IEEE 802.11 a\/n\/ac en 5 GHz, tambi\u00e9n soporta el protocolo OMCI para la gesti\u00f3n remota<\/td><\/tr><tr><td class=\"has-text-align-center\" data-align=\"center\">Banda de frecuencia en la que opera&nbsp;<\/td><td class=\"has-text-align-center\" data-align=\"center\">Opera en las bandas de frecuencia de 2.4 GHz y 5 GHz, la tasa de interfaz de aire es de 2.488\/1.244 Gbps<\/td><\/tr><tr><td class=\"has-text-align-center\" data-align=\"center\">Potencia de radiaci\u00f3n de las antenas&nbsp;<\/td><td class=\"has-text-align-center\" data-align=\"center\">El dispositivo tiene dos antenas internas para cada banda de frecuencia (2.4 GHz y 5 GHz), la potencia de transmisi\u00f3n de radio y la intensidad de la se\u00f1al son necesarias para calcular la distancia de transmisi\u00f3n efectiva de las se\u00f1ales de radio, la ganancia de la antena puede usarse para medir la capacidad de una antena para recibir y enviar se\u00f1ales en una direcci\u00f3n especificada<\/td><\/tr><tr><td class=\"has-text-align-center\" data-align=\"center\">Capacidad m\u00e1xima de Mbps<\/td><td class=\"has-text-align-center\" data-align=\"center\">La tasa de interfaz de aire es de hasta 600 Mbit\/s en la banda de 2.4 GHz y hasta 1733 Mbit\/s en la banda de 5 GHz<\/td><\/tr><\/tbody><\/table><\/figure>\n\n\n\n<div class=\"wp-block-columns is-layout-flex wp-container-core-columns-is-layout-28f84493 wp-block-columns-is-layout-flex\">\n<div class=\"wp-block-column is-layout-flow wp-block-column-is-layout-flow\">\n<figure class=\"wp-block-image size-full is-resized\"><img loading=\"lazy\" decoding=\"async\" width=\"1300\" height=\"1287\" src=\"https:\/\/www.rstelecomunicaciones.com\/wp-content\/uploads\/2024\/12\/322b3874df844578bbb1333551645620.jpg\" alt=\"\" class=\"wp-image-667\" style=\"width:241px;height:auto\"\/><\/figure>\n<\/div>\n\n\n\n<div class=\"wp-block-column is-vertically-aligned-center is-layout-flow wp-block-column-is-layout-flow\">\n<h2 class=\"wp-block-heading\">HUAWEI EG8145V5<\/h2>\n<\/div>\n<\/div>\n\n\n\n<figure class=\"wp-block-table is-style-regular\"><table class=\"has-background\" style=\"background-color:#f5f8ff\"><thead><tr><th class=\"has-text-align-center\" data-align=\"center\"><strong>Aspecto<\/strong><\/th><th class=\"has-text-align-center\" data-align=\"center\"><strong>Detalle<\/strong><\/th><\/tr><\/thead><tbody><tr><td class=\"has-text-align-center\" data-align=\"center\">Protocolos soportados para el acceso inal\u00e1mbrico<\/td><td class=\"has-text-align-center\" data-align=\"center\">Los est\u00e1ndares Wi-Fi soportados son IEEE 802.11 b\/g\/n\/ax (2.4G) e IEEE 802.11 a\/n\/ac\/ax (5G), tambi\u00e9n soporta 2 \u00d7 2 MIMO en las bandas de 2.4G y 5G, adem\u00e1s, soporta protocolos de t\u00fanel como PPTP y L2TP, y ofrece encriptaci\u00f3n MPPE, IPSec PSK y IPSec RSA<\/td><\/tr><tr><td class=\"has-text-align-center\" data-align=\"center\">Banda de frecuencia&nbsp;<\/td><td class=\"has-text-align-center\" data-align=\"center\">Opera en las bandas de frecuencia de 2.4 GHz y 5 GHz, la tasa de interfaz de aire es de 574 Mbit\/s (2.4G) y 2402 Mbit\/s (5G), tiene un ancho de banda de frecuencia de 160 MHz<\/td><\/tr><tr><td class=\"has-text-align-center\" data-align=\"center\">Potencia de radiaci\u00f3n de las antenas&nbsp;<\/td><td class=\"has-text-align-center\" data-align=\"center\">El dispositivo tiene dos antenas externas, cada una con una ganancia de 2 dBi, la potencia de transmisi\u00f3n de radio y la intensidad de la se\u00f1al son necesarias para calcular la distancia de transmisi\u00f3n efectiva de las se\u00f1ales de radio, la ganancia de la antena puede usarse para medir la capacidad de una antena para recibir y enviar se\u00f1ales en una direcci\u00f3n especificada<\/td><\/tr><tr><td class=\"has-text-align-center\" data-align=\"center\">Capacidad m\u00e1xima de Mbps<\/td><td class=\"has-text-align-center\" data-align=\"center\">La tasa de interfaz de aire es de 574 Mbit\/s en la banda de 2.4G y 2402 Mbit\/s en la banda de 5G, en la banda de 2.4 GHz, la capacidad m\u00e1xima de transmisi\u00f3n inal\u00e1mbrica es de 300 Mbps<\/td><\/tr><\/tbody><\/table><\/figure>\n\n\n\n<div style=\"height:100px\" aria-hidden=\"true\" class=\"wp-block-spacer\"><\/div>\n","protected":false},"excerpt":{"rendered":"<p>LISTADO DE EQUIPOS ONT HUAWEI EG8 Aspectos Detalles Protocolos soportados GPON, Ethernet, POTS, Wi-Fi 2.4G Banda de frecuencia 2.4 GHz Potencia de radiaci\u00f3n de las antenas Sensibilidad del receptor: -27 dBm, Potencia \u00f3ptica de sobrecarga: -8 dBm Velocidad m\u00e1xima de descarga Hasta 2.488 Gbps (te\u00f3rico) Velocidad m\u00e1xima de carga Hasta 1.244 Gbps (te\u00f3rico) HUAWEI HS8 &hellip; <\/p>\n<p class=\"link-more\"><a href=\"https:\/\/www.rstelecomunicaciones.com\/?page_id=154\" class=\"more-link\">Leer m\u00e1s<span class=\"screen-reader-text\"> \u00abLista de ONT\u00bb<\/span><\/a><\/p>\n","protected":false},"author":1,"featured_media":623,"parent":2,"menu_order":0,"comment_status":"closed","ping_status":"closed","template":"","meta":{"footnotes":""},"class_list":["post-154","page","type-page","status-publish","has-post-thumbnail","hentry"],"_links":{"self":[{"href":"https:\/\/www.rstelecomunicaciones.com\/index.php?rest_route=\/wp\/v2\/pages\/154","targetHints":{"allow":["GET"]}}],"collection":[{"href":"https:\/\/www.rstelecomunicaciones.com\/index.php?rest_route=\/wp\/v2\/pages"}],"about":[{"href":"https:\/\/www.rstelecomunicaciones.com\/index.php?rest_route=\/wp\/v2\/types\/page"}],"author":[{"embeddable":true,"href":"https:\/\/www.rstelecomunicaciones.com\/index.php?rest_route=\/wp\/v2\/users\/1"}],"replies":[{"embeddable":true,"href":"https:\/\/www.rstelecomunicaciones.com\/index.php?rest_route=%2Fwp%2Fv2%2Fcomments&post=154"}],"version-history":[{"count":32,"href":"https:\/\/www.rstelecomunicaciones.com\/index.php?rest_route=\/wp\/v2\/pages\/154\/revisions"}],"predecessor-version":[{"id":678,"href":"https:\/\/www.rstelecomunicaciones.com\/index.php?rest_route=\/wp\/v2\/pages\/154\/revisions\/678"}],"up":[{"embeddable":true,"href":"https:\/\/www.rstelecomunicaciones.com\/index.php?rest_route=\/wp\/v2\/pages\/2"}],"wp:featuredmedia":[{"embeddable":true,"href":"https:\/\/www.rstelecomunicaciones.com\/index.php?rest_route=\/wp\/v2\/media\/623"}],"wp:attachment":[{"href":"https:\/\/www.rstelecomunicaciones.com\/index.php?rest_route=%2Fwp%2Fv2%2Fmedia&parent=154"}],"curies":[{"name":"wp","href":"https:\/\/api.w.org\/{rel}","templated":true}]}}