{"id":9,"date":"2024-10-30T11:33:49","date_gmt":"2024-10-30T16:33:49","guid":{"rendered":"http:\/\/localhost\/Proy_lili\/?page_id=9"},"modified":"2025-09-24T14:42:05","modified_gmt":"2025-09-24T19:42:05","slug":"acerca-de","status":"publish","type":"page","link":"https:\/\/www.rstelecomunicaciones.com\/?page_id=9","title":{"rendered":"Nosotros"},"content":{"rendered":"\n<div style=\"height:16px\" aria-hidden=\"true\" class=\"wp-block-spacer\"><\/div>\n\n\n\n<div class=\"wp-block-columns is-layout-flex wp-container-core-columns-is-layout-28f84493 wp-block-columns-is-layout-flex\">\n<div class=\"wp-block-column is-vertically-aligned-center is-layout-flow wp-block-column-is-layout-flow\">\n<h1 class=\"wp-block-heading\">Sobre Nosotros<\/h1>\n\n\n\n<p style=\"padding-top:0;padding-right:0;padding-bottom:0;padding-left:0;font-size:clamp(14px, 0.875rem + ((1vw - 3.2px) * 0.417), 18px);\"><strong>R. S. T. ZOMAC S. A. S<\/strong>. es una empresa dedicada a la prestaci\u00f3n de servicios de telecomunicaciones en instalaciones y mantenimiento de equipos y redes. Para ello determina pertinente la implementaci\u00f3n y ejecuci\u00f3n de un sistema de calidad que le permita el desarrollo efectivo de cada uno de los procesos a nivel empresarial.<\/p>\n<\/div>\n\n\n\n<div class=\"wp-block-column is-layout-flow wp-block-column-is-layout-flow\">\n<figure class=\"wp-block-image aligncenter size-full is-style-default\"><img loading=\"lazy\" decoding=\"async\" width=\"1080\" height=\"1080\" src=\"https:\/\/www.rstelecomunicaciones.com\/wp-content\/uploads\/2024\/11\/WhatsApp-Image-2024-11-01-at-2.26.43-PM.jpeg\" alt=\"\" class=\"wp-image-438\"\/><\/figure>\n<\/div>\n<\/div>\n\n\n\n<div class=\"wp-block-columns is-layout-flex wp-container-core-columns-is-layout-28f84493 wp-block-columns-is-layout-flex\">\n<div class=\"wp-block-column is-layout-flow wp-block-column-is-layout-flow\">\n<figure class=\"wp-block-image aligncenter size-full is-resized\"><img loading=\"lazy\" decoding=\"async\" width=\"1793\" height=\"2560\" src=\"https:\/\/www.rstelecomunicaciones.com\/wp-content\/uploads\/2025\/09\/DSC7696-2-scaled.jpg\" alt=\"\" class=\"wp-image-941\" style=\"width:409px;height:auto\" srcset=\"https:\/\/www.rstelecomunicaciones.com\/wp-content\/uploads\/2025\/09\/DSC7696-2-scaled.jpg 1793w, https:\/\/www.rstelecomunicaciones.com\/wp-content\/uploads\/2025\/09\/DSC7696-2-210x300.jpg 210w, https:\/\/www.rstelecomunicaciones.com\/wp-content\/uploads\/2025\/09\/DSC7696-2-717x1024.jpg 717w, https:\/\/www.rstelecomunicaciones.com\/wp-content\/uploads\/2025\/09\/DSC7696-2-2000x2855.jpg 2000w\" sizes=\"auto, (max-width: 1793px) 100vw, 1793px\" \/><\/figure>\n<\/div>\n\n\n\n<div class=\"wp-block-column is-vertically-aligned-center is-layout-flow wp-block-column-is-layout-flow\">\n<h2 class=\"wp-block-heading\">Misi\u00f3n<\/h2>\n\n\n\n<p>Creamos valor a nuestros clientes y accionistas, con una estrategia transformadora, efectiva y de calidad en la prestaci\u00f3n de servicios de Internet e infraestructuras de telecomunicaciones, a trav\u00e9s de un excelente equipo de colaboradores.<\/p>\n<\/div>\n<\/div>\n\n\n\n<div class=\"wp-block-columns is-layout-flex wp-container-core-columns-is-layout-28f84493 wp-block-columns-is-layout-flex\">\n<div class=\"wp-block-column is-vertically-aligned-center is-layout-flow wp-block-column-is-layout-flow\">\n<h2 class=\"wp-block-heading\">Visi\u00f3n<\/h2>\n\n\n\n<p>Posicionarnos en el municipio de Fortul como el mejor proveedor y aliado estrat\u00e9gico en la prestaci\u00f3n de servicios de las Tecnolog\u00edas de la Informaci\u00f3n y las Telecomunicaciones para el 2030.<\/p>\n<\/div>\n\n\n\n<div class=\"wp-block-column is-layout-flow wp-block-column-is-layout-flow\">\n<figure class=\"wp-block-image aligncenter size-full is-resized\"><img loading=\"lazy\" decoding=\"async\" width=\"1080\" height=\"1350\" src=\"https:\/\/www.rstelecomunicaciones.com\/wp-content\/uploads\/2025\/09\/tavi-pajuila-5.png\" alt=\"\" class=\"wp-image-975\" style=\"width:433px;height:auto\" srcset=\"https:\/\/www.rstelecomunicaciones.com\/wp-content\/uploads\/2025\/09\/tavi-pajuila-5.png 1080w, https:\/\/www.rstelecomunicaciones.com\/wp-content\/uploads\/2025\/09\/tavi-pajuila-5-240x300.png 240w, https:\/\/www.rstelecomunicaciones.com\/wp-content\/uploads\/2025\/09\/tavi-pajuila-5-819x1024.png 819w\" sizes=\"auto, (max-width: 1080px) 100vw, 1080px\" \/><\/figure>\n<\/div>\n<\/div>\n\n\n\n<div style=\"height:34px\" aria-hidden=\"true\" class=\"wp-block-spacer\"><\/div>\n\n\n\n<div class=\"wp-block-cover alignfull\" style=\"padding-top:50px;padding-right:50px;padding-bottom:50px;padding-left:50px;min-height:377px;aspect-ratio:unset;\"><img loading=\"lazy\" decoding=\"async\" width=\"1200\" height=\"675\" class=\"wp-block-cover__image-background wp-image-460\" alt=\"\" src=\"https:\/\/www.rstelecomunicaciones.com\/wp-content\/uploads\/2024\/11\/mac-valores-corporativos-1685128115-YED7L.jpg\" style=\"object-position:38% 54%\" data-object-fit=\"cover\" data-object-position=\"38% 54%\"\/><span aria-hidden=\"true\" class=\"wp-block-cover__background has-black-background-color has-background-dim-70 has-background-dim\"><\/span><div class=\"wp-block-cover__inner-container is-layout-flow wp-block-cover-is-layout-flow\">\n<h1 class=\"wp-block-heading has-text-align-center\" style=\"margin-top:0;margin-bottom:0\">\u00bfPor qu\u00e9 elegirnos?<\/h1>\n\n\n\n<p class=\"has-text-align-center\" style=\"margin-top:0;margin-right:0;margin-bottom:0;margin-left:0\">Ofrecemos planes flexibles que se adaptan a tus necesidades, garantizando una experiencia de streaming y navegaci\u00f3n sin interrupciones. Nuestro soporte t\u00e9cnico est\u00e1 disponible para resolver cualquier inconveniente, asegurando que siempre est\u00e9s conectado. Adem\u00e1s, nuestra amplia variedad de canales y contenido te brinda opciones para disfrutar en familia o en el trabajo. Con nosotros, obtienes calidad, atenci\u00f3n personalizada y soluciones eficientes.<\/p>\n<\/div><\/div>\n\n\n\n<div class=\"wp-block-columns has-white-background-color has-background is-layout-flex wp-container-core-columns-is-layout-28f84493 wp-block-columns-is-layout-flex\">\n<div class=\"wp-block-column is-layout-flow wp-block-column-is-layout-flow\">\n<h2 class=\"wp-block-heading has-text-align-center has-large-font-size\"><strong>Nuestros Valores<\/strong><\/h2>\n<\/div>\n<\/div>\n\n\n\n<hr class=\"wp-block-separator has-text-color has-alpha-channel-opacity has-background\" style=\"background-color:#1714d7;color:#1714d7\"\/>\n\n\n\n<div class=\"wp-block-columns is-layout-flex wp-container-core-columns-is-layout-28f84493 wp-block-columns-is-layout-flex\">\n<div class=\"wp-block-column is-vertically-aligned-center is-layout-flow wp-block-column-is-layout-flow\">\n<div class=\"wp-block-columns is-layout-flex wp-container-core-columns-is-layout-28f84493 wp-block-columns-is-layout-flex\">\n<div class=\"wp-block-column is-layout-flow wp-block-column-is-layout-flow\">\n<h2 class=\"wp-block-heading has-text-align-center\" style=\"font-size:clamp(14.082px, 0.88rem + ((1vw - 3.2px) * 0.721), 21px);\">Honestidad<\/h2>\n\n\n\n<p class=\"has-text-align-center\" style=\"line-height:1.2\">Nuestra actuaci\u00f3n se enmarca en ser una empresa \u00edntegra, basada en la verdad y el principio de la buena f\u00e9.<\/p>\n<\/div>\n\n\n\n<div class=\"wp-block-column is-layout-flow wp-block-column-is-layout-flow\">\n<h2 class=\"wp-block-heading has-text-align-center\" style=\"font-size:clamp(14.082px, 0.88rem + ((1vw - 3.2px) * 0.721), 21px);\">Compromiso<\/h2>\n\n\n\n<p class=\"has-text-align-center\" style=\"line-height:1.2\">Adecuamos los medios necesarios para que se desarrolle la actividad econ\u00f3mica y empresarial de manera efectiva.<\/p>\n<\/div>\n\n\n\n<div class=\"wp-block-column is-layout-flow wp-block-column-is-layout-flow\">\n<h2 class=\"wp-block-heading has-text-align-center\" style=\"font-size:clamp(14.082px, 0.88rem + ((1vw - 3.2px) * 0.721), 21px);\">Equidad<\/h2>\n\n\n\n<p class=\"has-text-align-center\" style=\"line-height:1.2\">Direccionar cada uno de nuestros procesos para que nuestros usuarios tengan un trato equitativo.<\/p>\n<\/div>\n<\/div>\n\n\n\n<hr class=\"wp-block-separator has-text-color has-alpha-channel-opacity has-background is-style-wide\" style=\"background-color:#230acf;color:#230acf\"\/>\n\n\n\n<div class=\"wp-block-columns is-layout-flex wp-container-core-columns-is-layout-28f84493 wp-block-columns-is-layout-flex\">\n<div class=\"wp-block-column is-layout-flow wp-block-column-is-layout-flow\">\n<h2 class=\"wp-block-heading has-text-align-center\" style=\"font-size:clamp(14.082px, 0.88rem + ((1vw - 3.2px) * 0.721), 21px);\">Puntualidad<\/h2>\n\n\n\n<p class=\"has-text-align-center\" style=\"line-height:1.2\">Atendemos puntualmente los compromisos con los stakeholders generando confianza en las relaciones con los mismos.<\/p>\n<\/div>\n\n\n\n<div class=\"wp-block-column is-layout-flow wp-block-column-is-layout-flow\">\n<h2 class=\"wp-block-heading has-text-align-center\" style=\"font-size:clamp(14.082px, 0.88rem + ((1vw - 3.2px) * 0.721), 21px);\">Flexibilidad<\/h2>\n\n\n\n<p class=\"has-text-align-center\" style=\"line-height:1.2\">Nos adaptamos al medio en continua evoluci\u00f3n, generando credibilidad al usuario, dado que lo que decimos, lo hacemos con pasi\u00f3n, confianza y alegr\u00eda.<\/p>\n<\/div>\n\n\n\n<div class=\"wp-block-column is-layout-flow wp-block-column-is-layout-flow\">\n<h3 class=\"wp-block-heading has-text-align-center\" style=\"font-size:clamp(14.082px, 0.88rem + ((1vw - 3.2px) * 0.721), 21px);\">Confidencialidad<\/h3>\n\n\n\n<p class=\"has-text-align-center\" style=\"line-height:1.2\">Los clientes cuentan con nuestra absoluta confidencialidad en el manejo y tratamiento de la informaci\u00f3n que nos proveen para el desarrollo de nuestras labores.<\/p>\n<\/div>\n<\/div>\n<\/div>\n<\/div>\n\n\n\n<p><\/p>\n","protected":false},"excerpt":{"rendered":"<p>Sobre Nosotros R. S. T. ZOMAC S. A. S. es una empresa dedicada a la prestaci\u00f3n de servicios de telecomunicaciones en instalaciones y mantenimiento de equipos y redes. Para ello determina pertinente la implementaci\u00f3n y ejecuci\u00f3n de un sistema de calidad que le permita el desarrollo efectivo de cada uno de los procesos a nivel &hellip; <\/p>\n<p class=\"link-more\"><a href=\"https:\/\/www.rstelecomunicaciones.com\/?page_id=9\" class=\"more-link\">Leer m\u00e1s<span class=\"screen-reader-text\"> \u00abNosotros\u00bb<\/span><\/a><\/p>\n","protected":false},"author":1,"featured_media":116,"parent":0,"menu_order":0,"comment_status":"closed","ping_status":"closed","template":"","meta":{"footnotes":""},"class_list":["post-9","page","type-page","status-publish","has-post-thumbnail","hentry"],"_links":{"self":[{"href":"https:\/\/www.rstelecomunicaciones.com\/index.php?rest_route=\/wp\/v2\/pages\/9","targetHints":{"allow":["GET"]}}],"collection":[{"href":"https:\/\/www.rstelecomunicaciones.com\/index.php?rest_route=\/wp\/v2\/pages"}],"about":[{"href":"https:\/\/www.rstelecomunicaciones.com\/index.php?rest_route=\/wp\/v2\/types\/page"}],"author":[{"embeddable":true,"href":"https:\/\/www.rstelecomunicaciones.com\/index.php?rest_route=\/wp\/v2\/users\/1"}],"replies":[{"embeddable":true,"href":"https:\/\/www.rstelecomunicaciones.com\/index.php?rest_route=%2Fwp%2Fv2%2Fcomments&post=9"}],"version-history":[{"count":50,"href":"https:\/\/www.rstelecomunicaciones.com\/index.php?rest_route=\/wp\/v2\/pages\/9\/revisions"}],"predecessor-version":[{"id":976,"href":"https:\/\/www.rstelecomunicaciones.com\/index.php?rest_route=\/wp\/v2\/pages\/9\/revisions\/976"}],"wp:featuredmedia":[{"embeddable":true,"href":"https:\/\/www.rstelecomunicaciones.com\/index.php?rest_route=\/wp\/v2\/media\/116"}],"wp:attachment":[{"href":"https:\/\/www.rstelecomunicaciones.com\/index.php?rest_route=%2Fwp%2Fv2%2Fmedia&parent=9"}],"curies":[{"name":"wp","href":"https:\/\/api.w.org\/{rel}","templated":true}]}}